, 10847
List the prime factors of 67050.
2, 3, 5, 149
What are the prime factors of 271539?
3, 89, 113
List the prime factors of 6127346.
2, 3063673
List the prime factors of 2067863.
7, 17, 17377
List the prime factors of 10411811.
10411811
What are the prime factors of 11951466?
2, 3, 1991911
What are the prime factors of 3889608?
2, 3, 43, 3769
List the prime factors of 2334876.
2, 3, 179, 1087
What are the prime factors of 4657870?
2, 5, 7, 66541
What are the prime factors of 239846?
2, 119923
List the prime factors of 1068501.
3, 7, 17, 41, 73
What are the prime factors of 897911?
7, 128273
What are the prime factors of 318040?
2, 5, 7951
What are the prime factors of 17234288?
2, 1077143
List the prime factors of 1249277.
257, 4861
What are the prime factors of 7652901?
3, 2550967
What are the prime factors of 2866206?
2, 3, 7, 9749
What are the prime factors of 86896?
2, 5431
What are the prime factors of 5621328?
2, 3, 103, 379
List the prime factors of 13099715.
5, 349, 7507
What are the prime factors of 3524534?
2, 13, 135559
List the prime factors of 5135633.
139, 36947
What are the prime factors of 1766707?
1766707
List the prime factors of 15774586.
2, 41, 192373
What are the prime factors of 1604197?
7, 229171
What are the prime factors of 1604499?
3, 13, 41141
What are the prime factors of 227952?
2, 3, 1583
What are the prime factors of 6030470?
2, 5, 603047
List the prime factors of 1072169.
7, 21881
List the prime factors of 7472075.
5, 13, 83, 277
What are the prime factors of 2059738?
2, 173, 5953
What are the prime factors of 26516482?
2, 89, 311, 479
List the prime factors of 42869.
163, 263
List the prime factors of 23385710.
2, 5, 17, 23, 5981
List the prime factors of 289652.
2, 11, 29, 227
What are the prime factors of 918133?
263, 3491
List the prime factors of 78763.
79, 997
List the prime factors of 157050.
2, 3, 5, 349
What are the prime factors of 1630944?
2, 3, 7, 809
List the prime factors of 5741778.
2, 3, 7, 136709
List the prime factors of 981644.
2, 245411
List the prime factors of 4952461.
4952461
List the prime factors of 4179806.
2, 1123, 1861
What are the prime factors of 16630794?
2, 3, 17, 23, 139
What are the prime factors of 26465609?
26465609
What are the prime factors of 10319853?
3, 29, 118619
What are the prime factors of 188349?
3, 7, 8969
What are the prime factors of 47038?
2, 29, 811
What are the prime factors of 11583502?
2, 7, 19, 6221
What are the prime factors of 20572521?
3, 6857507
What are the prime factors of 149949?
3, 16661
What are the prime factors of 253465?
5, 163, 311
What are the prime factors of 647541?
3, 29, 827
List the prime factors of 1799413.
7, 11, 23369
What are the prime factors of 21014558?
2, 389, 27011
What are the prime factors of 7557458?
2, 29, 229, 569
List the prime factors of 1190987.
7, 170141
List the prime factors of 953524.
2, 11, 13, 1667
List the prime factors of 294469.
7, 23, 31, 59
What are the prime factors of 548837?
548837
List the prime factors of 5372091.
3, 596899
List the prime factors of 5333510.
2, 5, 7, 13, 5861
What are the prime factors of 2087286?
2, 3, 331, 1051
List the prime factors of 427056.
2, 3, 7, 31, 41
What are the prime factors of 724531?
724531
List the prime factors of 1217219.
1217219
List the prime factors of 30271524.
2, 3, 1327, 1901
What are the prime factors of 240272?
2, 15017
List the prime factors of 641332.
2, 23, 6971
What are the prime factors of 3379425?
3, 5, 7, 41, 157
List the prime factors of 1822890.
2, 3, 5, 60763
What are the prime factors of 4585971?
3, 13, 17, 6917
What are the prime factors of 1081328?
2, 19, 3557
List the prime factors of 1761807.
3, 587269
What are the prime factors of 11344?
2, 709
What are the prime factors of 192380?
2, 5, 9619
What are the prime factors of 136936?
2, 17117
List the prime factors of 1843958.
2, 347, 2657
List the prime factors of 70388.
2, 17597
What are the prime factors of 14488170?
2, 3, 5, 41, 11779
What are the prime factors of 19502358?
2, 3, 3250393
What are the prime factors of 13015730?
2, 5, 7, 13, 14303
What are the prime factors of 2391594?
2, 3, 17, 23447
List the prime factors of 138713.
23, 37, 163
What are the prime factors of 2431629?
3, 17, 23, 691
List the prime factors of 1783146.
2, 3, 297191
What are the prime factors of 3529798?
2, 1764899
What are the prime factors of 6365191?
7, 17, 89, 601
List the prime factors of 18945671.
29, 43, 15193
What are the prime factors of 43587?
3, 29, 167
What are the prime factors of 2133215?
5, 7, 8707
What are the prime factors of 1103310?
2, 3, 5, 13, 23, 41
What are the prime factors of 12992072?
2, 1624009
List the prime factors of 2205839.
2205839
List the prime factors of 23266632.
2, 3, 969443
What are the prime factors of 594569?
594569
List the prime factors of 553901.
553901
List the prime factors of 3615380.
2, 5, 41, 4409
What are the prime factors of 822812?
2, 205703
List the prime factors of 743763.
3, 29, 83, 103
List the prime factors of 519362.
2, 259681
List the prime factors of 6623577.
3, 735953
List the prime factors of 1179325.
5, 7, 23, 293
What are the prime factors of 378056?
2, 7, 43, 157
What are the prime factors of 742350?
2, 3, 5, 7, 101
What are the prime factors of 5553069?
3, 1851023
What are the prime factors of 13173039?
3, 11, 271, 491
List the prime factors of 2837416.
2, 354677
List the prime factors of 110964.
2, 3, 7, 1321
List the prime factors of 118714.
2, 59357
List the prime factors of 6681159.
3, 742351
What are the prime factors of 741814?
2, 167, 2221
What are the prime factors of 417684?
2, 3, 34807
What are the prime factors of 126300?
2, 3, 5, 421
List the prime factors of 5396348.
2, 1349087
List the prime factors of 6804592.
2, 103, 4129
What are the prime factors of 1862953?
1862953
List the prime factors of 1068232.
2, 11, 61, 199
What are the prime factors of 14441651?
7, 97, 21269
List the prime factors of 143255.
5, 7, 4093
What are the prime factors of 2978666?
2, 31, 107, 449
List the prime factors of 3438349.
3438349
List the prime factors of 7577538.
2, 3, 41, 30803
What are the prime factors of 20900894?
2, 7, 83, 17987
List the prime factors of 15014759.
15014759
What are the prime factors of 201819?
3, 67273
List the prime factors of 1736699.
307, 5657
List the prime factors of 19509.
3, 7, 929
List the prime factors of 83355.
3, 5, 5557
List the prime factors of 469314.
2, 3, 2897
List the prime factors of 504410.
2, 5, 50441
List the prime factors of 105604.
2, 17, 1553
What are the prime factors of 5597620?
2, 5, 7, 39983
What are the prime factors of 462183?
3, 154061
List the prime factors of 8607007.
41, 209927
What are the prime factors of 3998232?
2, 3, 7, 7933
What are the prime factors of 1285439?
1021, 1259
What are the prime factors of 6230?
2, 5, 7, 89
What are the prime factors of 6487981?
439, 14779
What are the prime factors of 10183744?
2, 41, 3881
What are the prime factors of 1439838?
2, 3, 41, 1951
List the prime factors of 918877.
918877
List the prime factors of 3479768.
2, 29, 53, 283
List the prime factors of 73927.
7, 59, 179
What are the prime factors of 16344188?
2, 7, 229, 2549
List the prime factors of 202957.
31, 6547
List the prime factors of 33.
3, 11
List the prime factors of 1094871.
3, 163, 2239
List the prime factors of 1278022.
2, 639011
List the prime factors of 2961749.
7, 523, 809
What are the prime factors of 509985?
3, 5, 7, 1619
What are the prime factors of 2984711?
31, 96281
List the prime factors of 3746938.
2, 13, 211, 683
List the prime factors of 1850238.
2, 3, 13, 7907
List the prime factors of 4160046.
2, 3, 11, 63031
What are the prime factors of 356686?
2, 11, 31, 523
What are the prime factors of 1460651?
1460651
What are the prime factors of 107704?
2, 13463
What are the prime factors of 154910?
2, 5, 7, 2213
List the prime factors of 1762257.
3, 7, 31, 2707
List the prime factors of 1831472.
2, 114467
What are the prime factors of 29212?
2, 67, 109
List the prime factors of 10430001.
3, 463, 2503
List the prime factors of 598121.
103, 5807
What are the prime factors of 3774681?
3, 46601
List the prime factors of 185722.
2, 92861
List the prime factors of 10346022.
2, 3, 41, 4673
